{"id":700,"date":"2024-04-09T15:53:10","date_gmt":"2024-04-09T13:53:10","guid":{"rendered":"https:\/\/cycle-leipzig.de\/?page_id=700"},"modified":"2024-04-09T15:53:11","modified_gmt":"2024-04-09T13:53:11","slug":"alquilar-una-bicicleta-y-una-e-bike-en-leipzig-3","status":"publish","type":"page","link":"https:\/\/cycle-leipzig.de\/es\/alquilar-una-bicicleta-y-una-e-bike-en-leipzig-3\/","title":{"rendered":"Alquilar una bicicleta y una e-bike en Leipzig"},"content":{"rendered":"\n<h1 class=\"wp-block-heading\"><\/h1>\n\n<div class=\"wp-block-group is-nowrap is-layout-flex wp-container-core-group-is-layout-ad2f72ca wp-block-group-is-layout-flex\"><\/div>\n\n","protected":false},"excerpt":{"rendered":"","protected":false},"author":1,"featured_media":0,"parent":0,"menu_order":0,"comment_status":"closed","ping_status":"closed","template":"page-templates\/page-homepage.php","meta":{"footnotes":""},"class_list":["post-700","page","type-page","status-publish","hentry"],"yoast_head":"<!-- This site is optimized with the Yoast SEO plugin v27.3 - https:\/\/yoast.com\/product\/yoast-seo-wordpress\/ -->\n<title>Alquilar una bicicleta y una e-bike en Leipzig - Cycle-Leipzig.de - Rent a Bike<\/title>\n<meta name=\"description\" content=\"A partir de 15 euros al d\u00eda, puede alquilar una elegante bicicleta en el centro de Leipzig en Cycle-Leipzig.de. Tambi\u00e9n alquilamos bicicletas el\u00e9ctricas y de monta\u00f1a.\" \/>\n<meta name=\"robots\" content=\"index, follow, max-snippet:-1, max-image-preview:large, max-video-preview:-1\" \/>\n<link rel=\"canonical\" href=\"https:\/\/cycle-leipzig.de\/es\/alquilar-una-bicicleta-y-una-e-bike-en-leipzig-3\/\" \/>\n<meta property=\"og:locale\" content=\"es_ES\" \/>\n<meta property=\"og:type\" content=\"article\" \/>\n<meta property=\"og:title\" content=\"Alquilar una bicicleta y una e-bike en Leipzig - Cycle-Leipzig.de - Rent a Bike\" \/>\n<meta property=\"og:description\" content=\"A partir de 15 euros al d\u00eda, puede alquilar una elegante bicicleta en el centro de Leipzig en Cycle-Leipzig.de. Tambi\u00e9n alquilamos bicicletas el\u00e9ctricas y de monta\u00f1a.\" \/>\n<meta property=\"og:url\" content=\"https:\/\/cycle-leipzig.de\/es\/alquilar-una-bicicleta-y-una-e-bike-en-leipzig-3\/\" \/>\n<meta property=\"og:site_name\" content=\"Cycle-Leipzig.de - Rent a Bike\" \/>\n<meta property=\"article:modified_time\" content=\"2024-04-09T13:53:11+00:00\" \/>\n<meta name=\"twitter:card\" content=\"summary_large_image\" \/>\n<script type=\"application\/ld+json\" class=\"yoast-schema-graph\">{\"@context\":\"https:\\\/\\\/schema.org\",\"@graph\":[{\"@type\":\"WebPage\",\"@id\":\"https:\\\/\\\/cycle-leipzig.de\\\/es\\\/alquilar-una-bicicleta-y-una-e-bike-en-leipzig-3\\\/\",\"url\":\"https:\\\/\\\/cycle-leipzig.de\\\/es\\\/alquilar-una-bicicleta-y-una-e-bike-en-leipzig-3\\\/\",\"name\":\"Alquilar una bicicleta y una e-bike en Leipzig - Cycle-Leipzig.de - Rent a Bike\",\"isPartOf\":{\"@id\":\"https:\\\/\\\/cycle-leipzig.de\\\/es\\\/#website\"},\"datePublished\":\"2024-04-09T13:53:10+00:00\",\"dateModified\":\"2024-04-09T13:53:11+00:00\",\"description\":\"A partir de 15 euros al d\u00eda, puede alquilar una elegante bicicleta en el centro de Leipzig en Cycle-Leipzig.de. Tambi\u00e9n alquilamos bicicletas el\u00e9ctricas y de monta\u00f1a.\",\"breadcrumb\":{\"@id\":\"https:\\\/\\\/cycle-leipzig.de\\\/es\\\/alquilar-una-bicicleta-y-una-e-bike-en-leipzig-3\\\/#breadcrumb\"},\"inLanguage\":\"es\",\"potentialAction\":[{\"@type\":\"ReadAction\",\"target\":[\"https:\\\/\\\/cycle-leipzig.de\\\/es\\\/alquilar-una-bicicleta-y-una-e-bike-en-leipzig-3\\\/\"]}]},{\"@type\":\"BreadcrumbList\",\"@id\":\"https:\\\/\\\/cycle-leipzig.de\\\/es\\\/alquilar-una-bicicleta-y-una-e-bike-en-leipzig-3\\\/#breadcrumb\",\"itemListElement\":[{\"@type\":\"ListItem\",\"position\":1,\"name\":\"Startseite\",\"item\":\"https:\\\/\\\/cycle-leipzig.de\\\/es\\\/alquilar-una-bicicleta-y-una-e-bike-en-leipzig\\\/\"},{\"@type\":\"ListItem\",\"position\":2,\"name\":\"Alquilar una bicicleta y una e-bike en Leipzig\"}]},{\"@type\":\"WebSite\",\"@id\":\"https:\\\/\\\/cycle-leipzig.de\\\/es\\\/#website\",\"url\":\"https:\\\/\\\/cycle-leipzig.de\\\/es\\\/\",\"name\":\"Cycle-Leipzig.de - Rent a Bike\",\"description\":\"eBike &amp; Fahrrad mieten in Leipzig Zentrum\",\"publisher\":{\"@id\":\"https:\\\/\\\/cycle-leipzig.de\\\/es\\\/#organization\"},\"alternateName\":\"Fahrrad oder E-Bike mieten im Zentrum von Leipzig\",\"potentialAction\":[{\"@type\":\"SearchAction\",\"target\":{\"@type\":\"EntryPoint\",\"urlTemplate\":\"https:\\\/\\\/cycle-leipzig.de\\\/es\\\/?s={search_term_string}\"},\"query-input\":{\"@type\":\"PropertyValueSpecification\",\"valueRequired\":true,\"valueName\":\"search_term_string\"}}],\"inLanguage\":\"es\"},{\"@type\":\"Organization\",\"@id\":\"https:\\\/\\\/cycle-leipzig.de\\\/es\\\/#organization\",\"name\":\"Cycle-Leipzig.de powerd by eBike-Haus.de GmbH\",\"url\":\"https:\\\/\\\/cycle-leipzig.de\\\/es\\\/\",\"logo\":{\"@type\":\"ImageObject\",\"inLanguage\":\"es\",\"@id\":\"https:\\\/\\\/cycle-leipzig.de\\\/es\\\/#\\\/schema\\\/logo\\\/image\\\/\",\"url\":\"https:\\\/\\\/cycle-leipzig.de\\\/wp-content\\\/uploads\\\/2023\\\/09\\\/Cycle-Leipzig_Logo.png\",\"contentUrl\":\"https:\\\/\\\/cycle-leipzig.de\\\/wp-content\\\/uploads\\\/2023\\\/09\\\/Cycle-Leipzig_Logo.png\",\"width\":2000,\"height\":1576,\"caption\":\"Cycle-Leipzig.de powerd by eBike-Haus.de GmbH\"},\"image\":{\"@id\":\"https:\\\/\\\/cycle-leipzig.de\\\/es\\\/#\\\/schema\\\/logo\\\/image\\\/\"}}]}<\/script>\n<!-- \/ Yoast SEO plugin. -->","yoast_head_json":{"title":"Alquilar una bicicleta y una e-bike en Leipzig - Cycle-Leipzig.de - Rent a Bike","description":"A partir de 15 euros al d\u00eda, puede alquilar una elegante bicicleta en el centro de Leipzig en Cycle-Leipzig.de. Tambi\u00e9n alquilamos bicicletas el\u00e9ctricas y de monta\u00f1a.","robots":{"index":"index","follow":"follow","max-snippet":"max-snippet:-1","max-image-preview":"max-image-preview:large","max-video-preview":"max-video-preview:-1"},"canonical":"https:\/\/cycle-leipzig.de\/es\/alquilar-una-bicicleta-y-una-e-bike-en-leipzig-3\/","og_locale":"es_ES","og_type":"article","og_title":"Alquilar una bicicleta y una e-bike en Leipzig - Cycle-Leipzig.de - Rent a Bike","og_description":"A partir de 15 euros al d\u00eda, puede alquilar una elegante bicicleta en el centro de Leipzig en Cycle-Leipzig.de. Tambi\u00e9n alquilamos bicicletas el\u00e9ctricas y de monta\u00f1a.","og_url":"https:\/\/cycle-leipzig.de\/es\/alquilar-una-bicicleta-y-una-e-bike-en-leipzig-3\/","og_site_name":"Cycle-Leipzig.de - Rent a Bike","article_modified_time":"2024-04-09T13:53:11+00:00","twitter_card":"summary_large_image","schema":{"@context":"https:\/\/schema.org","@graph":[{"@type":"WebPage","@id":"https:\/\/cycle-leipzig.de\/es\/alquilar-una-bicicleta-y-una-e-bike-en-leipzig-3\/","url":"https:\/\/cycle-leipzig.de\/es\/alquilar-una-bicicleta-y-una-e-bike-en-leipzig-3\/","name":"Alquilar una bicicleta y una e-bike en Leipzig - Cycle-Leipzig.de - Rent a Bike","isPartOf":{"@id":"https:\/\/cycle-leipzig.de\/es\/#website"},"datePublished":"2024-04-09T13:53:10+00:00","dateModified":"2024-04-09T13:53:11+00:00","description":"A partir de 15 euros al d\u00eda, puede alquilar una elegante bicicleta en el centro de Leipzig en Cycle-Leipzig.de. Tambi\u00e9n alquilamos bicicletas el\u00e9ctricas y de monta\u00f1a.","breadcrumb":{"@id":"https:\/\/cycle-leipzig.de\/es\/alquilar-una-bicicleta-y-una-e-bike-en-leipzig-3\/#breadcrumb"},"inLanguage":"es","potentialAction":[{"@type":"ReadAction","target":["https:\/\/cycle-leipzig.de\/es\/alquilar-una-bicicleta-y-una-e-bike-en-leipzig-3\/"]}]},{"@type":"BreadcrumbList","@id":"https:\/\/cycle-leipzig.de\/es\/alquilar-una-bicicleta-y-una-e-bike-en-leipzig-3\/#breadcrumb","itemListElement":[{"@type":"ListItem","position":1,"name":"Startseite","item":"https:\/\/cycle-leipzig.de\/es\/alquilar-una-bicicleta-y-una-e-bike-en-leipzig\/"},{"@type":"ListItem","position":2,"name":"Alquilar una bicicleta y una e-bike en Leipzig"}]},{"@type":"WebSite","@id":"https:\/\/cycle-leipzig.de\/es\/#website","url":"https:\/\/cycle-leipzig.de\/es\/","name":"Cycle-Leipzig.de - Rent a Bike","description":"eBike &amp; Fahrrad mieten in Leipzig Zentrum","publisher":{"@id":"https:\/\/cycle-leipzig.de\/es\/#organization"},"alternateName":"Fahrrad oder E-Bike mieten im Zentrum von Leipzig","potentialAction":[{"@type":"SearchAction","target":{"@type":"EntryPoint","urlTemplate":"https:\/\/cycle-leipzig.de\/es\/?s={search_term_string}"},"query-input":{"@type":"PropertyValueSpecification","valueRequired":true,"valueName":"search_term_string"}}],"inLanguage":"es"},{"@type":"Organization","@id":"https:\/\/cycle-leipzig.de\/es\/#organization","name":"Cycle-Leipzig.de powerd by eBike-Haus.de GmbH","url":"https:\/\/cycle-leipzig.de\/es\/","logo":{"@type":"ImageObject","inLanguage":"es","@id":"https:\/\/cycle-leipzig.de\/es\/#\/schema\/logo\/image\/","url":"https:\/\/cycle-leipzig.de\/wp-content\/uploads\/2023\/09\/Cycle-Leipzig_Logo.png","contentUrl":"https:\/\/cycle-leipzig.de\/wp-content\/uploads\/2023\/09\/Cycle-Leipzig_Logo.png","width":2000,"height":1576,"caption":"Cycle-Leipzig.de powerd by eBike-Haus.de GmbH"},"image":{"@id":"https:\/\/cycle-leipzig.de\/es\/#\/schema\/logo\/image\/"}}]}},"_links":{"self":[{"href":"https:\/\/cycle-leipzig.de\/es\/wp-json\/wp\/v2\/pages\/700","targetHints":{"allow":["GET"]}}],"collection":[{"href":"https:\/\/cycle-leipzig.de\/es\/wp-json\/wp\/v2\/pages"}],"about":[{"href":"https:\/\/cycle-leipzig.de\/es\/wp-json\/wp\/v2\/types\/page"}],"author":[{"embeddable":true,"href":"https:\/\/cycle-leipzig.de\/es\/wp-json\/wp\/v2\/users\/1"}],"replies":[{"embeddable":true,"href":"https:\/\/cycle-leipzig.de\/es\/wp-json\/wp\/v2\/comments?post=700"}],"version-history":[{"count":1,"href":"https:\/\/cycle-leipzig.de\/es\/wp-json\/wp\/v2\/pages\/700\/revisions"}],"predecessor-version":[{"id":703,"href":"https:\/\/cycle-leipzig.de\/es\/wp-json\/wp\/v2\/pages\/700\/revisions\/703"}],"wp:attachment":[{"href":"https:\/\/cycle-leipzig.de\/es\/wp-json\/wp\/v2\/media?parent=700"}],"curies":[{"name":"wp","href":"https:\/\/api.w.org\/{rel}","templated":true}]}}

<!-- This site is optimized with the Yoast SEO plugin v27.3 - https://yoast.com/product/yoast-seo-wordpress/ -->
<title>Alquilar una bicicleta y una e-bike en Leipzig - Cycle-Leipzig.de - Rent a Bike</title>
<meta name="description" content="A partir de 15 euros al día, puede alquilar una elegante bicicleta en el centro de Leipzig en Cycle-Leipzig.de. También alquilamos bicicletas eléctricas y de montaña." />
<meta name="robots" content="index, follow, max-snippet:-1, max-image-preview:large, max-video-preview:-1" />
<link rel="canonical" href="https://cycle-leipzig.de/es/alquilar-una-bicicleta-y-una-e-bike-en-leipzig-3/" />
<meta property="og:locale" content="es_ES" />
<meta property="og:type" content="article" />
<meta property="og:title" content="Alquilar una bicicleta y una e-bike en Leipzig - Cycle-Leipzig.de - Rent a Bike" />
<meta property="og:description" content="A partir de 15 euros al día, puede alquilar una elegante bicicleta en el centro de Leipzig en Cycle-Leipzig.de. También alquilamos bicicletas eléctricas y de montaña." />
<meta property="og:url" content="https://cycle-leipzig.de/es/alquilar-una-bicicleta-y-una-e-bike-en-leipzig-3/" />
<meta property="og:site_name" content="Cycle-Leipzig.de - Rent a Bike" />
<meta property="article:modified_time" content="2024-04-09T13:53:11+00:00" />
<meta name="twitter:card" content="summary_large_image" />
<script type="application/ld+json" class="yoast-schema-graph">{"@context":"https:\/\/schema.org","@graph":[{"@type":"WebPage","@id":"https:\/\/cycle-leipzig.de\/es\/alquilar-una-bicicleta-y-una-e-bike-en-leipzig-3\/","url":"https:\/\/cycle-leipzig.de\/es\/alquilar-una-bicicleta-y-una-e-bike-en-leipzig-3\/","name":"Alquilar una bicicleta y una e-bike en Leipzig - Cycle-Leipzig.de - Rent a Bike","isPartOf":{"@id":"https:\/\/cycle-leipzig.de\/es\/#website"},"datePublished":"2024-04-09T13:53:10+00:00","dateModified":"2024-04-09T13:53:11+00:00","description":"A partir de 15 euros al día, puede alquilar una elegante bicicleta en el centro de Leipzig en Cycle-Leipzig.de. También alquilamos bicicletas eléctricas y de montaña.","breadcrumb":{"@id":"https:\/\/cycle-leipzig.de\/es\/alquilar-una-bicicleta-y-una-e-bike-en-leipzig-3\/#breadcrumb"},"inLanguage":"es","potentialAction":[{"@type":"ReadAction","target":["https:\/\/cycle-leipzig.de\/es\/alquilar-una-bicicleta-y-una-e-bike-en-leipzig-3\/"]}]},{"@type":"BreadcrumbList","@id":"https:\/\/cycle-leipzig.de\/es\/alquilar-una-bicicleta-y-una-e-bike-en-leipzig-3\/#breadcrumb","itemListElement":[{"@type":"ListItem","position":1,"name":"Startseite","item":"https:\/\/cycle-leipzig.de\/es\/alquilar-una-bicicleta-y-una-e-bike-en-leipzig\/"},{"@type":"ListItem","position":2,"name":"Alquilar una bicicleta y una e-bike en Leipzig"}]},{"@type":"WebSite","@id":"https:\/\/cycle-leipzig.de\/es\/#website","url":"https:\/\/cycle-leipzig.de\/es\/","name":"Cycle-Leipzig.de - Rent a Bike","description":"eBike &amp; Fahrrad mieten in Leipzig Zentrum","publisher":{"@id":"https:\/\/cycle-leipzig.de\/es\/#organization"},"alternateName":"Fahrrad oder E-Bike mieten im Zentrum von Leipzig","potentialAction":[{"@type":"SearchAction","target":{"@type":"EntryPoint","urlTemplate":"https:\/\/cycle-leipzig.de\/es\/?s={search_term_string}"},"query-input":{"@type":"PropertyValueSpecification","valueRequired":true,"valueName":"search_term_string"}}],"inLanguage":"es"},{"@type":"Organization","@id":"https:\/\/cycle-leipzig.de\/es\/#organization","name":"Cycle-Leipzig.de powerd by eBike-Haus.de GmbH","url":"https:\/\/cycle-leipzig.de\/es\/","logo":{"@type":"ImageObject","inLanguage":"es","@id":"https:\/\/cycle-leipzig.de\/es\/#\/schema\/logo\/image\/","url":"https:\/\/cycle-leipzig.de\/wp-content\/uploads\/2023\/09\/Cycle-Leipzig_Logo.png","contentUrl":"https:\/\/cycle-leipzig.de\/wp-content\/uploads\/2023\/09\/Cycle-Leipzig_Logo.png","width":2000,"height":1576,"caption":"Cycle-Leipzig.de powerd by eBike-Haus.de GmbH"},"image":{"@id":"https:\/\/cycle-leipzig.de\/es\/#\/schema\/logo\/image\/"}}]}</script>
<!-- / Yoast SEO plugin. -->

A partir de 15 euros al día, puede alquilar una elegante bicicleta en el centro de Leipzig en Cycle-Leipzig.de. También alquilamos bicicletas eléctricas y de montaña.
